{"id":19,"date":"2012-11-27T18:16:33","date_gmt":"2012-11-27T18:16:33","guid":{"rendered":"http:\/\/kidsongs.com.br\/site\/?page_id=19"},"modified":"2014-12-15T18:38:00","modified_gmt":"2014-12-15T18:38:00","slug":"o-que-fazemos","status":"publish","type":"page","link":"http:\/\/kidsongs.com.br\/kids\/o-que-fazemos\/","title":{"rendered":"O que fazemos?"},"content":{"rendered":"<p>J\u00e1 pensou que legal para uma crian\u00e7a ter uma m\u00fasica s\u00f3 dela, cantada em seu nome, falando dos seus pais, dos seus bichos, do melhor amigo, descrevendo com detalhes as coisas que mais gosta?<br \/>\n\u00c9 exatamente isso o que fazemos. O <strong>Kidsongs<\/strong> \u00e9 uma &#8220;f\u00e1brica&#8221; de m\u00fasicas personalizadas e exclusivas, compostas e produzidas com o objetivo de perpetuar um momento importante na vida de uma crian\u00e7a e de seus pais, seja o nascimento, um anivers\u00e1rio, ou qualquer outra data de igual import\u00e2ncia.<br \/>\nJ\u00e1 fizemos m\u00fasicas para clientes cujo filho do melhor amigo estava pra nascer; outras para m\u00e3es que queriam dar um presente especial de anivers\u00e1rio para seu filhos, outras para famlias que queriam dar um est\u00edmulo para crian\u00e7a que se recuperava de um momento dif\u00edcil&#8230;<br \/>\nE esse presente \u00e9 pra sempre!<\/p>\n<p>O processo de confec\u00e7\u00e3o das nossas can\u00e7\u00f5es \u00e9 exatamente o mesmo de um CD profissional.<\/p>\n<p>Usamos os melhores equipamentos e instrumentos para entregarmos nosso produto com a melhor qualidade poss\u00edvel.<\/p>\n<p>Ou\u00e7a abaixo alguns exemplos de can\u00e7\u00f5es j\u00e1 entregues pelo <strong>Kidsongs<\/strong>:<\/p>\n<p><iframe loading=\"lazy\" src=\"https:\/\/w.soundcloud.com\/player\/?url=http%3A%2F%2Fapi.soundcloud.com%2Ftracks%2F49521065\" width=\"100%\" height=\"166\" frameborder=\"no\" scrolling=\"no\"><\/iframe><\/p>\n<div>\n<div>\n<div data-href=\"http:\/\/soundcloud.com\/marcelolimagroup\/o-brilho-eterno\" data-layout=\"button_count\" data-send=\"false\" data-show-faces=\"false\" data-width=\"84\">&#8220;<strong>Brilho Eterno<\/strong>&#8221; foi feita para o Lucas, filho do Eduardo que estava fazendo um aninho &#8211; um presente de sua irm\u00e3 Let\u00edcia.<\/div>\n<div data-href=\"http:\/\/soundcloud.com\/marcelolimagroup\/o-brilho-eterno\" data-layout=\"button_count\" data-send=\"false\" data-show-faces=\"false\" data-width=\"84\"><\/div>\n<\/div>\n<\/div>\n<div>\n<div>\n<div id=\"track-description-value\">\n<p>&nbsp;<\/p>\n<p>\u201c<strong>O BRILHO ETERNO<\/strong>\u201d<\/p>\n<p>Nunca imaginamos um amor t\u00e3o grande assim<br \/>\nSentimento raro, claro que n\u00e3o tem mais fim<br \/>\nInfinito, vontade que d\u00e1 de abra\u00e7ar voc\u00ea.<\/p>\n<p>Desde o comecinho nosso amor se revelou<br \/>\nCom tanto carinho, Deus foi quem nos ensinou<br \/>\nInfinito, vontade que d\u00e1 de abra\u00e7ar voc\u00ea.<\/p>\n<p>Esse \u00e9 o Lucas, luz e c\u00f4r<br \/>\nEsse \u00e9 o Lucas, o brilho eterno desse nosso amor.<\/p>\n<p>Com o D\u00fa faz planos de tocar piano<br \/>\nCom a mam\u00e3e Ad\u00e9lia, ele vai brincando<br \/>\nT\u00e3o bonito, vontade que d\u00e1 de abra\u00e7ar voc\u00ea.<\/p>\n<p>Com o T\u00f4co e a Bia brinca todo dia<br \/>\nPode chegar junto quem gosta de folia<br \/>\nT\u00e3o bonito, vontade que d\u00e1 de abra\u00e7ar voc\u00ea.<\/p>\n<p>Esse \u00e9 o Lucas, luz e c\u00f4r<br \/>\nEsse \u00e9 o Lucas, o brilho eterno desse nosso amor.<\/p>\n<p>&nbsp;<\/p>\n<\/div>\n<\/div>\n<\/div>\n<p><iframe loading=\"lazy\" src=\"https:\/\/w.soundcloud.com\/player\/?url=http%3A%2F%2Fapi.soundcloud.com%2Ftracks%2F22619140\" width=\"100%\" height=\"166\" frameborder=\"no\" scrolling=\"no\"><\/iframe><\/p>\n<p>&#8220;<strong>Anos de Espera<\/strong>&#8221; foi feita para o Mateus, rec\u00e9m nascido depois de muito tempo de espera. Um presente entregue pelo Marcelo para sua irm\u00e3 Jana\u00edna, no dia do nascimento do garoto.<\/p>\n<p>&#8220;<strong>ANOS DE ESPERA<\/strong>&#8221;<\/p>\n<p>S\u00e3o anos de espera e enfim ele chegou<br \/>\nA coisa mais sincera \u00e9 o meu eterno amor<\/p>\n<p>Um pouco Jana\u00edna e um pouco de Pascal<br \/>\nOlhar que nos fascina um jeito angelical<\/p>\n<p>Chegou pra nossa festa, na paz de Deus<br \/>\nE amar \u00e9 o que interessa, nasceu Mateus<\/p>\n<p>E esse amor profundo, ningu\u00e9m imaginou<br \/>\nSer o maior do mundo, voc\u00ea nos ensinou<\/p>\n<p>Chegou pra nossa festa, na paz de Deus<br \/>\nE amar \u00e9 o que interessa, nasceu Mateus<\/p>\n<p>&nbsp;<\/p>\n<p><iframe loading=\"lazy\" src=\"https:\/\/w.soundcloud.com\/player\/?url=http%3A%2F%2Fapi.soundcloud.com%2Ftracks%2F49520242\" width=\"100%\" height=\"166\" frameborder=\"no\" scrolling=\"no\"><\/iframe><\/p>\n<p>Essa can\u00e7\u00e3o foi feita para a Ana, um presente muito diferente de sua m\u00e3e em seu anivers\u00e1rio de 6 anos.<\/p>\n<p>&#8220;<strong>VOLTA PELO MUNDO<\/strong>&#8221;<\/p>\n<p>O sol brilhou, na cor dos teus cabelos<br \/>\nO c\u00e9u \u00e9 azul, parece com teus olhos<br \/>\nVoc\u00ea \u00e9 assim, t\u00e3o linda e t\u00e3o bacana Ana&#8230;<\/p>\n<p>Quem gosta de aventuras<br \/>\nvai dar a volta ao mundo pra ver as coisas mais bonitas<br \/>\n\u00e9 claro que n\u00e3o vou me esquecer<br \/>\nDo Pep\u00ea, do Cisco, do Apollo e o Matheus<br \/>\nA Kiki, a Art\u00eamis, e o Tigre e a Fl\u00f4r podem vir<br \/>\nAs Ninas e a Sofia tamb\u00e9m&#8230;<\/p>\n<p>Na volta pelo mundo,<br \/>\nVai conhecer a \u00cdndia e o Jap\u00e3o.<br \/>\nCurtir cada segundo<br \/>\nDe carro, de navio, de avi\u00e3o.<\/p>\n<p>Vou voar, vou ver muitos castelos, Paris&#8230; Africa&#8230;<br \/>\nFlorestas, com os bichos brincar<\/p>\n<p>Ana, a volta pelo mundo vai dar Ana, a volta pelo mundo vai dar<br \/>\nAna&#8230;<\/p>\n<p>&nbsp;<\/p>\n<p><iframe loading=\"lazy\" src=\"http:\/\/w.soundcloud.com\/player\/?url=http%3A%2F%2Fapi.soundcloud.com%2Ftracks%2F22304275&amp;show_artwork=true\" width=\"100%\" height=\"166\" frameborder=\"no\" scrolling=\"no\"><\/iframe><\/p>\n<p>Essa m\u00fasica foi encomenda pelo Pedro, que deu de presente aos seus amigos Breno e Sabrina, pais da Manuela, no dia de seu nascimento..<\/p>\n<p>&#8220;<strong>BELA MANUELA<\/strong>&#8221;<\/p>\n<p>Voc\u00ea nem chegou e o amor \u00e9 t\u00e3o grande<br \/>\nPeda\u00e7o de n\u00f3s, a por\u00e7\u00e3o mais gigante<br \/>\nO amor que a gente traz \u00e9 pra voc\u00ea<br \/>\nSai logo da barriga da mam\u00e3e!<\/p>\n<p>Se o Breno ganhou o cora\u00e7\u00e3o da Sabrina,<br \/>\nO amor resultou nessa linda menina<br \/>\nE a luz que vem do c\u00e9u vai te trazer<br \/>\nPara sempre a gente sempre te querer.<\/p>\n<p>At\u00e9 o Toddy j\u00e1 latiu querendo ver voc\u00ea<br \/>\nJ\u00e1 sente o seu cheirinho, coisa linda de se ver<br \/>\nNum sonho lindo de verdade algu\u00e9m anunciou<br \/>\nT\u00e3o bela a Manuela j\u00e1 chegou<\/p>\n<p>T\u00e3o bela a Manuela j\u00e1 chegou<br \/>\nT\u00e3o bela a Manuela j\u00e1 chegou<\/p>\n<p>&nbsp;<\/p>\n<p><iframe loading=\"lazy\" src=\"https:\/\/w.soundcloud.com\/player\/?url=http%3A%2F%2Fapi.soundcloud.com%2Ftracks%2F87621666\" width=\"100%\" height=\"166\" frameborder=\"no\" scrolling=\"no\"><\/iframe><\/p>\n<p>Essa m\u00fasica foi encomenda pelo Rodolpho e o Gilson, amig\u00f5es do Vicente pai da Laurinha. A can\u00e7\u00e3o foi um presente dos dois pra ela&#8230;<\/p>\n<p>&#8220;<strong>A LAURINHA<\/strong>&#8221;<\/p>\n<p>Essa \u00e9 a hist\u00f3ria<br \/>\nque eu guardo na mem\u00f3ria<br \/>\ncoisas t\u00e3o legais.<\/p>\n<p>Muito inteligente<br \/>\n<span style=\"font-size: 13px;\">a filhinha do Vicente<br \/>\n<\/span>ela \u00e9 demais .<\/p>\n<p>A Laurinha,<br \/>\n\u00e9 uma garota especial&#8230;<\/p>\n<p>Ela \u00e9 t\u00e3o bacana<br \/>\no beb\u00ea da Juliana<br \/>\ngosta de dan\u00e7ar.<\/p>\n<p>Ama o o Spaghetti<br \/>\n<span style=\"font-size: 13px;\">fica horas na internet<br \/>\n<\/span>de papo pro ar.<\/p>\n<p>A Laurinha,<br \/>\n\u00e9 uma garota especial&#8230;<\/p>\n<p>A Guta e a Luana<br \/>\nlogo logo v\u00e3o chegar<\/p>\n<p>\u00c9 claro que a Luisinha e a Juju tamb\u00e9m v\u00e3o estar<br \/>\nPra gente ficar junto<br \/>\ntem que rir, se divertir<br \/>\nfazer muita bagun\u00e7a, essa \u00e9 a turma da Laurinha<\/p>\n<p>A Laurinha,<br \/>\n\u00e9 uma garota especial&#8230;<\/p>\n<p>A Laurinha,<br \/>\n\u00e9 uma garota especial&#8230;<\/p>\n","protected":false},"excerpt":{"rendered":"<p>J\u00e1 pensou que legal para uma crian\u00e7a ter uma m\u00fasica s\u00f3 dela, cantada em seu nome, falando dos seus pais, dos seus bichos, do melhor amigo, descrevendo com detalhes as [&hellip;]<\/p>\n","protected":false},"author":1,"featured_media":0,"parent":0,"menu_order":10,"comment_status":"closed","ping_status":"closed","template":"","meta":{"footnotes":""},"class_list":["post-19","page","type-page","status-publish","hentry"],"_links":{"self":[{"href":"http:\/\/kidsongs.com.br\/kids\/wp-json\/wp\/v2\/pages\/19","targetHints":{"allow":["GET"]}}],"collection":[{"href":"http:\/\/kidsongs.com.br\/kids\/wp-json\/wp\/v2\/pages"}],"about":[{"href":"http:\/\/kidsongs.com.br\/kids\/wp-json\/wp\/v2\/types\/page"}],"author":[{"embeddable":true,"href":"http:\/\/kidsongs.com.br\/kids\/wp-json\/wp\/v2\/users\/1"}],"replies":[{"embeddable":true,"href":"http:\/\/kidsongs.com.br\/kids\/wp-json\/wp\/v2\/comments?post=19"}],"version-history":[{"count":2,"href":"http:\/\/kidsongs.com.br\/kids\/wp-json\/wp\/v2\/pages\/19\/revisions"}],"predecessor-version":[{"id":245,"href":"http:\/\/kidsongs.com.br\/kids\/wp-json\/wp\/v2\/pages\/19\/revisions\/245"}],"wp:attachment":[{"href":"http:\/\/kidsongs.com.br\/kids\/wp-json\/wp\/v2\/media?parent=19"}],"curies":[{"name":"wp","href":"https:\/\/api.w.org\/{rel}","templated":true}]}}