{"id":39,"date":"2012-11-27T19:35:21","date_gmt":"2012-11-27T19:35:21","guid":{"rendered":"http:\/\/kidsongs.com.br\/site\/?page_id=39"},"modified":"2014-01-07T19:24:02","modified_gmt":"2014-01-07T19:24:02","slug":"depoimentos","status":"publish","type":"page","link":"http:\/\/kidsongs.com.br\/kids\/depoimentos\/","title":{"rendered":"Depoimentos"},"content":{"rendered":"<p><a href=\"http:\/\/kidsongs.com.br\/kids\/wp-content\/uploads\/2012\/11\/bg21.jpg\"><img loading=\"lazy\" decoding=\"async\" class=\"aligncenter size-large wp-image-220\" alt=\"bg2[1]\" src=\"http:\/\/kidsongs.com.br\/kids\/wp-content\/uploads\/2012\/11\/bg21-1024x682.jpg\" width=\"640\" height=\"426\" srcset=\"http:\/\/kidsongs.com.br\/kids\/wp-content\/uploads\/2012\/11\/bg21-1024x682.jpg 1024w, http:\/\/kidsongs.com.br\/kids\/wp-content\/uploads\/2012\/11\/bg21-300x200.jpg 300w, http:\/\/kidsongs.com.br\/kids\/wp-content\/uploads\/2012\/11\/bg21-680x453.jpg 680w, http:\/\/kidsongs.com.br\/kids\/wp-content\/uploads\/2012\/11\/bg21.jpg 1600w\" sizes=\"auto, (max-width: 640px) 100vw, 640px\" \/><\/a><\/p>\n<p><strong>Let\u00edcia, m\u00e3e da Ana:<\/strong><\/p>\n<p>&#8220;Minha familia sempre gostou de m\u00fasica. Me lembro de ver todos aqueles LPs na minha inf\u00e3ncia e achar incr\u00edvel sair som daquilo. Minha vida sempre teve trilha sonora.<br \/>\nLogo que a Ana nasceu sua vida foi embalada por m\u00fasica e n\u00e3o podia ser diferente.<br \/>\nConheci o projeto Kidsongs e me apaixonei de imediato. Sabia que seria o presente ideial para ela.<br \/>\nEm seu anivers\u00e1rio de 6 anos, n\u00e3o tive d\u00favidas: encomendei uma m\u00fasica para ela. Lembrei de todos os seus bichos de estimac\u00e3o, suas melhores amigas, seus grandes sonhos.<br \/>\nO resultado foi t\u00e3o inesperado que ainda me emociono ao lembrar. Quando ouvi pela primeira vez n\u00e3o s\u00f3 pude enxerg\u00e1-la em cada verso, como comecei a cantar de imediato.<br \/>\nA m\u00fasica n\u00e3o saiu mais da minha cabe\u00e7a. E meus olhos se encheram de l\u00e1grimas.<br \/>\nEnt\u00e3o, era hora de mostrar para a Ana.<br \/>\nE a emo\u00e7\u00e3o foi maior ainda. Ela foi se reconhecendo em cada palavra, em cada nome e na aventura que ia surgindo. E a pergunta dela foi: \u201cComo ele sabe tudo isto de mim? Ele est\u00e1 na minha cabe\u00e7a?\u201d<br \/>\nEntendi que algumas coisas s\u00e3o muito especiais na vida. E esta m\u00fasica, \u00e9 uma delas&#8221;.<\/p>\n<p><strong>Pedro, pai da Julia:<\/strong><\/p>\n<p>&#8220;A Julia veio ao mundo num dia ensolarado. Eu estava um pouco anestesiado pela emo\u00e7\u00e3o, interagindo com as pessoas um pouco no modo piloto autom\u00e1tico.<br \/>\nEu j\u00e1 tinha chorado muito de emo\u00e7\u00e3o com o parto, mas j\u00e1 havia me acalmado. A \u00a0Ma\u00edra (m\u00e3e) j\u00e1 tinha acordado, tudo tinha corrido perfeito, e o pacotinho j\u00e1 se encontrava sob sua guarda.<br \/>\nEu confesso n\u00e3o lembrar muito todos que foram nos visitar no hospital naquele dia.\u00a0Foi chegada ent\u00e3o a hora que um grande amigo meu me puxou de canto e me ofereceu um fone de ouvido que estava ligado ao seu iPod. \u00a0&#8220;- Cara, escuta isso.&#8221;<br \/>\nAo come\u00e7ar a escutar \u00a0minha garganta ent\u00e3o secou, tentei segurar as l\u00e1grimas para amenizar a cena, mas foi inevit\u00e1vel. Passei alguns bons minutos para me recompor. Fui ent\u00e3o para o quarto, e ofereci o fone para a Ma\u00edra sem demonstrar muita emo\u00e7\u00e3o e pegar ela de surpresa. Eu vi uma rea\u00e7\u00e3o ainda mais intensa que a minha.\u00a0Detalhes daquele dia especial j\u00e1 estavam na can\u00e7\u00e3o, assim como parte da nossa vida e est\u00f3ria.\u00a0A Julia hoje (3 anos) sabe e canta a m\u00fasica dela de cor. Foi sem d\u00favida nenhuma o melhor presente que j\u00e1 recebi de algu\u00e9m&#8221;.<\/p>\n<p><strong>Janaina, m\u00e3e do Matheus:<\/strong><\/p>\n<p>&#8220;Nosso primeiro filho Mateus havia nascido h\u00e1 poucos dias, quando recebi este presente que jamais irei esquecer.<br \/>\nEstava vivendo todas as emo\u00e7\u00f5es e descobertas dos primeiros dias desta experi\u00eancia maravilhosa de ser m\u00e3e, quando me sentei entre uma mamada e outra no meio da noite para checar os emails e as correspond\u00eancias recebidas.<br \/>\nEntre todas as coisas que se acumularam, estava um email \u00a0do meu irm\u00e3o que me deixou bastante curiosa. Quando o nosso presente come\u00e7ou a tocar, cai em prantos! \u00a0Uma m\u00fasica, s\u00f3 nossa, com a nossa hist\u00f3ria e al\u00e9m de tudo LINDA!<br \/>\nN\u00e3o acho que seria capaz de achar as palavras necess\u00e1rias para explicar a alegria que senti com este presente e o que ele significa pra mim. O Mateus j\u00e1 vai fazer dois anos e ainda hoje me emociono observando seus olhinhos contentes toda vez que colocamos a sua m\u00fasica para tocar.<br \/>\nEspero ansiosa pelo dia em que ele mesmo ir\u00e1 cantarolar a sua m\u00fasica &#8230;.<br \/>\nObrigada tio Marcelo por este presente que ir\u00e1 nos acompanhar pra sempre!!!&#8221;.<\/p>\n<p>&nbsp;<\/p>\n","protected":false},"excerpt":{"rendered":"<p>Let\u00edcia, m\u00e3e da Ana: &#8220;Minha familia sempre gostou de m\u00fasica. Me lembro de ver todos aqueles LPs na minha inf\u00e3ncia e achar incr\u00edvel sair som daquilo. Minha vida sempre teve [&hellip;]<\/p>\n","protected":false},"author":1,"featured_media":0,"parent":0,"menu_order":0,"comment_status":"closed","ping_status":"closed","template":"","meta":{"footnotes":""},"class_list":["post-39","page","type-page","status-publish","hentry"],"_links":{"self":[{"href":"http:\/\/kidsongs.com.br\/kids\/wp-json\/wp\/v2\/pages\/39","targetHints":{"allow":["GET"]}}],"collection":[{"href":"http:\/\/kidsongs.com.br\/kids\/wp-json\/wp\/v2\/pages"}],"about":[{"href":"http:\/\/kidsongs.com.br\/kids\/wp-json\/wp\/v2\/types\/page"}],"author":[{"embeddable":true,"href":"http:\/\/kidsongs.com.br\/kids\/wp-json\/wp\/v2\/users\/1"}],"replies":[{"embeddable":true,"href":"http:\/\/kidsongs.com.br\/kids\/wp-json\/wp\/v2\/comments?post=39"}],"version-history":[{"count":7,"href":"http:\/\/kidsongs.com.br\/kids\/wp-json\/wp\/v2\/pages\/39\/revisions"}],"predecessor-version":[{"id":233,"href":"http:\/\/kidsongs.com.br\/kids\/wp-json\/wp\/v2\/pages\/39\/revisions\/233"}],"wp:attachment":[{"href":"http:\/\/kidsongs.com.br\/kids\/wp-json\/wp\/v2\/media?parent=39"}],"curies":[{"name":"wp","href":"https:\/\/api.w.org\/{rel}","templated":true}]}}